0*m**3 - 9*m**2 + 1 - 7. Let h be i(-6). What is the remainder when 3/(-6)*h/2 is divided by 7?
6
Let f be 98/(-5) - (-16)/(-40). Let z(v) = -2*v + 2. What is the remainder when (312/20)/((-8)/f) is divided by z(-4)?
9
Suppose -4*d - g - 4*g = -32, 5*g - 29 = -3*d. Let q(w) = -5*w + 3. Let c be q(-7). Suppose -d*h = -h - c. What is the remainder when h is divided by 5?
4
Suppose 0 = 4*b - 516 + 8. Let t = 131 - b. Calculate the remainder when 27 is divided by t.
3
Let l(f) = -21*f - 3. Let b be l(-2). Let o = b - -19. Suppose -36 - 29 = -4*g + h, 5*g + 3*h - 60 = 0. What is the remainder when o is divided by g?
13
Suppose 0*n = 5*n + 2*d, 0 = 5*n - 3*d - 25. Suppose -l + 2 = -n*q, 3*q = -2*l + l + 17. Calculate the remainder when -5 + 4 + (-72)/(-3) is divided by l.
7
Let v = 809 + -801. What is the remainder when (-118)/(-8) - (-1)/4 is divided by v?
7
Suppose 4*c - 2*c - 8 = 0. Suppose -6*y = -c*y - 20. Suppose 53*u - 1126 = 689 + 252. What is the remainder when u is divided by y?
9
Let y = 60 + -12. Suppose 0 = o - 1, 2*q - 4*q + y = -2*o. Calculate the remainder when q is divided by 8.
1
Let n(p) = 3*p - 5. Let v be n(6). Let i = 17 - v. Let j = 2 + 2. What is the remainder when j is divided by i?
0
Suppose -100*o + 260 = -48*o. Suppose -4*c + i = -4*i - 22, 3*c + 5*i - 34 = 0. What is the remainder when c is divided by o?
3
Suppose 4*n - 40 = -o, 5*n - 36 = n - 2*o. Let g = -11 + n. Suppose g = 3*i - 6*i + 111. What is the remainder when i is divided by 10?
7
Suppose -5*q - 34 = -374. Calculate the remainder when q is divided by 11.
2
Suppose -5*f = 2*y - 72, 2*f - 2*y = -0*y + 40. Suppose 125*p = 128*p - 210. Let u = -64 + p. What is the remainder when f is divided by u?
4
Suppose 0*y + y - 3*p = -10, -3*y = -4*p + 5. Suppose j - 6*j = 2*x - 285, y*x + 140 = 3*j. Calculate the remainder when 3 + -6 + 2 + j is divided by 19.
16
Let h(f) = f**3 + 4*f**2 - f + 8. Let s be h(-5). Let v = 37 + s. Calculate the remainder when v is divided by 7.
4
Suppose 10*j = 14*j - 308. What is the remainder when j is divided by 39?
38
Let b(u) = -u**3 + u**2 + u + 208. What is the remainder when b(0) is divided by 53?
49
Let h be (9/15)/((-7)/(-210)). Suppose 3*w - 36 - h = 0. Calculate the remainder when w is divided by 10.
8
Suppose -898 + 706 = -6*g. What is the remainder when 62 is divided by g?
30
Calculate the remainder when (210/(-5) - -6)/(-1) is divided by 23.
13
Let m = 145 - 58. Let b = 11 + 0. Calculate the remainder when m is divided by b.
10
Let q(k) = -k**2 + 14*k + 1. What is the remainder when 267 is divided by q(3)?
29
Let s = 314 - 93. Calculate the remainder when s is divided by 14.
11
Let c(n) = 3*n. Let k(v) = -v**3 - 3*v**2 + 3*v - 2. Let o be k(-4). Let z = 328 + -319. What is the remainder when z is divided by c(o)?
3
Let l = -639 - -653. Suppose 4*v = 6*v + 8. Let i = l + v. What is the remainder when 46 is divided by i?
6
Let z(d) = -d**3 + 11*d**2 + 13*d + 29. Let i(n) = 8*n - 4. Let u = 14 - 12. Let j be i(u). Calculate the remainder when z(j) is divided by 15.
11
Suppose -f - q = -690, 2*q = -2*f + 7*q + 1401. What is the remainder when f is divided by 58?
55
Let t(w) = -2424*w + 38. What is the remainder when t(-1) is divided by 77?
75
Let r = -13 - -9. Let t = 8 - r. What is the remainder when ((-1)/4)/(21/(-2688)) is divided by t?
8
Suppose 0 = 80*t - 101*t + 588. What is the remainder when t is divided by 15?
13
Suppose 5*h - y - 2*y + 2 = 0, 0 = -h + 2*y - 6. Let u(v) = 17 - v**h - 3*v**2 - 2*v**2 + 12*v + 5*v**2. What is the remainder when u(12) is divided by 5?
2
Let r(q) = q + 11. Let h be r(-11). Suppose p - 3 = 0, h*i - 3 = -3*i + 4*p. Calculate the remainder when 8 is divided by i.
3
Let q = -537 + 561. Suppose z - c = 12, -2*z = -5*c - 3 - 18. What is the remainder when q is divided by z?
11
Let n = 268 - 75. What is the remainder when n is divided by 28?
25
Let l(p) = -p**3 - 9*p**2 + 9*p - 47. Let u be l(-11). Let g = 133 - u. Calculate the remainder when g is divided by 13.
11
Suppose -5*m + 6*m + 4 = 0. Let r = 1 - m. Let y = 31 - 19. Calculate the remainder when y is divided by r.
2
Suppose -3*y + 85 - 3 = 2*z, -z - 3*y + 41 = 0. Let i = -251 + 144. What is the remainder when z is divided by 3/5 + i/(-5)?
19
Suppose -2*c + 7*c - 73 = -3*j, 4*j - 54 = 2*c. Let k(u) = -u**2 + 12*u + 54. What is the remainder when j is divided by k(15)?
7
Suppose -27*m = -1077 - 138. Calculate the remainder when 65 is divided by m.
20
Let k(d) = -d**2 - 14*d - 2. Let s = 140 - 125. What is the remainder when k(-9) is divided by s?
13
Suppose 2*u = f + 10, 4*f - 8 - 2 = -2*u. Calculate the remainder when 81 is divided by u.
1
Let j = 12 + 8. Suppose o = 5*o - l - j, 3*o - 2*l - 15 = 0. Calculate the remainder when 8 is divided by o.
3
Suppose 0 = -5*b + 5 + 110. Suppose f - b - 1 = 0. What is the remainder when f is divided by 8?
0
Let n = -5 + 32. Let q = 31 - n. Suppose 5*o + 2*z - 23 = -0, -16 = -q*o - 4*z. What is the remainder when 19 is divided by o?
4
Suppose 5*r = -4*v + 680, 42*r + 841 = 5*v + 46*r. What is the remainder when v is divided by 34?
29
Calculate the remainder when 1 + 86 + (2 - 4) is divided by (5 + -1)/(-1) - -33*1.
27
Let u(q) = -q**2 - 2*q + 35. Let c be u(0). Let v = 88 - c. What is the remainder when 263 is divided by v?
51
Let a = -490 + 791. Calculate the remainder when a is divided by 51.
46
Let v be (1 - 2) + -3 + -2. Let m(f) = -12*f - 3. Let l = 888 + -870. What is the remainder when m(v) is divided by l?
15
Let g(s) = s**3 + 10*s**2 + 12*s + 28. Let r be g(-9). Calculate the remainder when (-3)/(r + -2) - -34 is divided by 10.
7
Suppose u - f - 5 = 0, -57*u - 4*f + 10 = -56*u. Calculate the remainder when 21 is divided by u.
3
Let q = 315 - 274. What is the remainder when q is divided by 14?
13
Let z = 18 - -21. Suppose 0 = -9*q - z - 15. Let c = q - -17. What is the remainder when 40 is divided by c?
7
Let b(y) = 64 - 7*y + 68 + 6*y - 56. Calculate the remainder when b(17) is divided by 12.
11
Suppose -4*l - 5*v - 17 = -3*l, -v - 10 = -2*l. Calculate the remainder when 4 - 2 - (-232)/(l - 1) is divided by 40.
38
Let h = -288 + 346. Calculate the remainder when 289 is divided by h.
57
Let s = 40 + -3. Calculate the remainder when s is divided by 23.
14
Let k = 659 + -1824. What is the remainder when k/(-30) - (-4)/24 is divided by 14?
11
Let z = 416 + 788. What is the remainder when z/12 + (0 - 6/(-9)) is divided by 51?
50
Let i = 115 - 18. Let c = i - 72. Calculate the remainder when 148 is divided by c.
23
Let w(z) = 5*z - 8. Let d be w(7). Suppose 235 = 5*r - 5*n, r + n - d = -3*n. Calculate the remainder when 84 is divided by r.
41
Let x(u) = -u**3 - 8*u**2 - 6*u + 38. Calculate the remainder when 401 is divided by x(-7).
29
Suppose -3*x - 10 = 2*x. Let n be (-61)/x + 33/22. Let m = -18 + n. What is the remainder when 53 is divided by m?
11
Suppose -3*a - 2*u + 43 = -7*u, 2*a - 35 = -3*u. Calculate the remainder when 45 is divided by a.
13
Suppose -2*g = -g. Suppose g = -f - 0*f + 15. Suppose 5*l + i = 48, -i + 1 + 2 = 0. Calculate the remainder when f is divided by l.
6
What is the remainder when -4 - ((-20)/(-50) + 454/(-10)) is divided by 0/(-1) + (-88)/(-4)?
19
Let x(i) = i**3 + 15*i**2 - 10*i - 2. Let q(z) = -z**2. Let a(f) = -6*q(f) - x(f). Calculate the remainder when 15 is divided by a(-10).
1
Let r = 30 + -15. Let g = r - 7. What is the remainder when 27 is divided by g?
3
Suppose 92 = -11*l + 268. Calculate the remainder when 121 is divided by l.
9
Let h(f) = -f**3 - 2*f + 8. Let a(j) = j**3 - 7*j**2 - 6*j + 6. What is the remainder when a(8) is divided by h(0)?
6
Let s = -38 + 127. Suppose 5*u = 89 + 26. What is the remainder when s is divided by u?
20
Let n = -7 - -20. Suppose -5*m = -a - 4*a - 15, 0 = 3*m - 5*a - 5. What is the remainder when n is divided by m?
3
Let r(a) = a + 2. Let i be r(0). Suppose -i*j - 2*j + 100 = 0. Calculate the remainder when 99 is divided by j.
24
Let d = -20 - -32. What is the remainder when 49 - 4*12/16 is divided by d?
10
Suppose -w - 6 = -2*w - l, -8 = 4*w - 4*l. Let t(b) = -22*b**2 - 2 + 5*b + 11*b**2 + 13*b**w + 0. What is the remainder when 39 is divided by t(-4)?
9
What is the remainder when 2728/13 + (-40)/(-260) - -7 is divided by 27?
1
